e
Does 175 divide 5590?
False
Is 94302 a multiple of 18?
True
Is 93 a factor of 23570?
False
Is 20 a factor of 529?
False
Is 476 a multiple of 34?
True
Is 12 a factor of 647?
False
Does 3 divide 6703?
False
Is 42 a multiple of 5?
False
Is 334 a multiple of 19?
False
Is 1249 a multiple of 16?
False
Is 2005 a multiple of 11?
False
Does 70 divide 910?
True
Is 7 a factor of 15462?
False
Is 4853 a multiple of 15?
False
Is 39 a factor of 54054?
True
Does 51 divide 4915?
False
Is 450 a multiple of 19?
False
Does 8 divide 392?
True
Does 16 divide 22802?
False
Is 6021 a multiple of 3?
True
Does 67 divide 4154?
True
Is 6040 a multiple of 9?
False
Does 6 divide 184?
False
Is 43 a multiple of 3?
False
Is 1416 a multiple of 51?
False
Is 152 a factor of 15504?
True
Is 392 a multiple of 12?
False
Does 10 divide 110?
True
Does 24 divide 21960?
True
Does 210 divide 630?
True
Is 624 a multiple of 48?
True
Is 38 a factor of 380?
True
Is 8071 a multiple of 100?
False
Does 38 divide 11144?
False
Is 3976 a multiple of 56?
True
Does 14 divide 18720?
False
Does 45 divide 9720?
True
Is 14 a factor of 92642?
False
Does 19 divide 986?
False
Is 37 a multiple of 18?
False
Is 79 a factor of 507?
False
Is 19 a factor of 21907?
True
Is 10759 a multiple of 41?
False
Is 19 a factor of 95?
True
Does 6 divide 15255?
False
Is 5145 a multiple of 147?
True
Is 424 a multiple of 14?
False
Is 9578 a multiple of 7?
False
Is 133866 a multiple of 201?
True
Is 7 a factor of 109?
False
Is 11 a factor of 89?
False
Is 4692 a multiple of 23?
True
Is 13 a factor of 19045?
True
Does 89 divide 445?
True
Is 15 a factor of 13751?
False
Is 100242 a multiple of 25?
False
Is 14 a factor of 294?
True
Does 22 divide 1078?
True
Is 39 a factor of 4427?
False
Is 54 a factor of 3996?
True
Does 11 divide 2237?
False
Is 86 a factor of 4108?
False
Is 42 a factor of 1344?
True
Does 34 divide 87?
False
Does 36 divide 1008?
True
Is 9216 a multiple of 128?
True
Does 41 divide 3280?
True
Does 11 divide 638?
True
Does 15 divide 6090?
True
Is 5 a factor of 529?
False
Is 19080 a multiple of 72?
True
Does 40 divide 1840?
True
Is 442 a multiple of 42?
False
Is 30197 a multiple of 11?
False
Does 14 divide 7834?
False
Is 18 a factor of 468?
True
Is 67 a factor of 50652?
True
Is 62 a factor of 6758?
True
Is 52 a factor of 1820?
True
Is 118 a factor of 4836?
False
Does 10 divide 3350?
True
Is 266 a multiple of 19?
True
Is 31 a factor of 10338?
False
Is 22780 a multiple of 34?
True
Does 14 divide 4508?
True
Is 132 a factor of 39204?
True
Is 17 a factor of 3876?
True
Is 1468 a multiple of 153?
False
Does 3 divide 45?
True
Does 9 divide 3323?
False
Is 5 a factor of 1315?
True
Does 7 divide 42?
True
Does 87 divide 10684?
False
Is 1595 a multiple of 11?
True
Is 5996 a multiple of 28?
False
Does 20 divide 7683?
False
Is 588 a multiple of 21?
True
Is 942 a multiple of 44?
False
Is 27114 a multiple of 7?
False
Is 3 a factor of 1054?
False
Is 37 a factor of 888?
True
Is 107 a factor of 1350?
False
Does 89 divide 13419?
False
Is 69 a factor of 2898?
True
Is 585 a multiple of 28?
False
Is 99120 a multiple of 30?
True
Does 2 divide 1019?
False
Is 1121 a multiple of 48?
False
Is 4195 a multiple of 127?
False
Does 11 divide 1086?
False
Does 9 divide 28143?
True
Is 2947 a multiple of 109?
False
Does 16 divide 1077?
False
Does 10 divide 420?
True
Is 48 a factor of 2016?
True
Does 16 divide 2742?
False
Is 2370 a multiple of 15?
True
Is 19 a factor of 1843?
True
Is 11 a factor of 442?
False
Does 88 divide 5368?
True
Is 18 a multiple of 18?
True
Does 38 divide 172?
False
Does 27 divide 2356?
False
Is 46 a factor of 10948?
True
Is 3152 a multiple of 39?
False
Does 53 divide 58671?
True
Does 69 divide 276?
True
Is 309 a multiple of 4?
False
Is 26 a factor of 61230?
True
Is 10 a factor of 9012?
False
Is 89 a factor of 18485?
False
Is 81 even?
False
Does 169 divide 14027?
True
Does 4 divide 333?
False
Does 5 divide 291?
False
Is 663 a multiple of 11?
False
Is 56601 a multiple of 194?
False
Is 600 a multiple of 10?
True
Does 34 divide 4283?
False
Does 9 divide 261?
True
Is 19175 a multiple of 325?
True
Is 498 a multiple of 30?
False
Is 50091 a multiple of 283?
True
Is 1896 a multiple of 79?
True
Does 49 divide 196?
True
Does 7 divide 1260?
True
Does 94 divide 13912?
True
Does 4 divide 2064?
True
Does 36 divide 6768?
True
Is 896 a multiple of 56?
True
Is 14013 a multiple of 27?
True
Is 11673 a multiple of 72?
False
Does 3 divide 174?
True
Is 198 a multiple of 3?
True
Is 22200 a multiple of 50?
True
Does 32 divide 64?
True
Is 378 a multiple of 4?
False
Does 31 divide 904?
False
Is 22 a factor of 1958?
True
Is 27645 a multiple of 285?
True
Does 20 divide 520?
True
Is 3 a factor of 288?
True
Is 14 a factor of 734?
False
Is 65 a factor of 1033?
False
Does 2 divide 154?
True
Is 392 a multiple of 56?
True
Is 36 a factor of 325?
False
Is 1749 a multiple of 126?
False
Is 702 even?
True
Is 722 a multiple of 22?
False
Is 94 a multiple of 12?
False
Is 5 a factor of 1520?
True
Does 29 divide 53059?
False
Is 583 a multiple of 53?
True
Does 23 divide 20579?
False
Is 8 a factor of 3500?
False
Is 43 a factor of 2274?
False
Is 10904 a multiple of 47?
True
Is 10 a factor of 4140?
True
Is 58 a factor of 116?
True
Is 2 a factor of 407?
False
Is 75 a factor of 3046?
False
Does 40 divide 6934?
False
Does 17 divide 24560?
False
Does 6 divide 3937?
False
Does 10 divide 1500?
True
Is 21 a factor of 1596?
True
Is 4830 a multiple of 3?
True
Is 63500 a multiple of 125?
True
Is 20 a factor of 1723?
False
Does 26 divide 13437?
False
Is 3 a factor of 149?
False
Is 9 a factor of 639?
True
Does 17 divide 1212?
False
Does 41 divide 766?
False
Is 4459 a multiple of 8?
False
Does 41 divide 2747?
True
Does 20 divide 113?
False
Is 10 a factor of 590?
True
Is 187 a multiple of 11?
True
Is 870 a multiple of 30?
True
Is 1582 a multiple of 7?
True
Is 266 a multiple of 30?
False
Is 27 a factor of 2807?
False
Is 1393 a multiple of 40?
False
Is 64 a factor of 2368?
True
Is 14 a factor of 3640?
True
Is 187 a factor of 3467?
False
Is 1201 even?
False
Does 206 divide 16904?
False
Is 16 a factor of 6642?
False
Is 1550 a multiple of 61?
False
Is 34484 a multiple of 13?
False
Is 13 a factor of 104?
True
Is 61 a factor of 1287?
False
Is 11 a factor of 170?
False
Does 38 divide 380?
True
Does 9 divide 14040?
True
Does 22 divide 163?
False
Does 3 divide 17566?
False
Does 6 divide 2754?
True
Does 3 divide 924?
True
Does 47 divide 1885?
False
Is 19522 a multiple of 2?
True
Is 83 a factor of 2075?
True
Does 10 divide 2187?
False
Does 9 divide 433?
False
Is 11 a factor of 418?
True
Is 156 a factor of 2967?
False
Is 26 a factor of 22100?
True
Is 26311 even?
False
Does 139 divide 2641?
True
Is 588 a multiple of 14?
True
Does 10 divide 1894?
False
Does 34 divide 918?
True
Is 191 a factor of 7258?
True
Is 1080 a multiple of 36?
True
Does 217 divide 8029?
True
Is 288 a multiple of 96?
True
Does 13 divide 7249?
False
Is 49 a factor of 1057?
False
Is 4 a factor of 1075?
False
Does 19 divide 513?
True
Is 23 a factor of 2208?
True
Is 100 a factor of 9358?
False
Is 225 a multiple of 4?
False
Does 5 divide 90?
True
Is 27404 a multiple of 26?
True
Is 2214 a multiple of 27?
True
Is 11 a factor of 27009?
False
Is 30 a factor of 390?
True
Is 18 a factor of 159066?
True
Is 13 a factor of 546?
True
Does 18 divide 1782?
True
Is 29 a factor of 10632?
False
Is 4 a factor of 964?
True
Does 8 divide 2078?
False
Does 69 divide 6555?
True
Is 204 a multiple of 3?
True
Is 44 a factor of 292?
False
Does 81 divide 11884?
False
Does 35 divide 665?
True
Is 73232 a multiple of 46?
True
Is 2600 a multiple of 65?
True
Does 26 divide 62?
False
Is 3542 a multiple of 154?
True
Does 70 divide 1258?
False
Is 58 a factor of 445?
False
Does 33 divide 466?
False
Does 11 divide 53094?
False
Is 6 a factor of 5412?
True
Does 82 divide 42065?
False
Is 17230 a multiple of 29?
False
Is 205 a factor of 5685?
False
Is 47399 a multiple of 160?
False
Is 2775 even?
False
Is 3048 a multiple of 6?
True
Is 59 a factor of 572?
False
Does 13 divide 3354?
True
Is 138 a multiple of 11?
False
Is 2028 a multiple of 13?
True
Is 48 a multiple of 2?
True
Is 1370 a multiple of 39?
False
Is 6 a factor of 424?
False
Does 3 divide 96?
True
Is 90 a factor of 22443?
F